0*v - 2*v = -148. Let y = 14 + 2. Let k = 35 - y. Calculate the remainder when v is divided by k.
17
Suppose t - 3*t + 74 = b, 0 = 2*t - b - 74. What is the remainder when t is divided by 10?
7
Let b(g) = -5*g - 24. What is the remainder when 39 is divided by b(-9)?
18
Suppose -5*s - 5*l - 10 = 0, 3*s - 2*s + 5*l - 18 = 0. Let k = s - -16. What is the remainder when 26 is divided by k?
8
Suppose 2*n = -2*n - 16. Let v(j) = j**2 + 4*j + 5. Let p be v(n). Let s = 12 - p. Calculate the remainder when 19 is divided by s.
5
Let q = 294 - 200. What is the remainder when q is divided by 25?
19
Let d = 94 + -80. What is the remainder when 34 is divided by d?
6
Let n = 94 - 58. Suppose -3*d = -5*d + n. What is the remainder when 34 is divided by d?
16
Let u(t) = 13*t**2 + t - 1. Calculate the remainder when 51 is divided by u(1).
12
Suppose -140 = -5*p - 8*x + 3*x, p - 5*x = 52. What is the remainder when 87 is divided by p?
23
Let j be 36/10 - 12/(-30). Suppose 0 = -5*r - j*a + 11, 0 = -4*a + 6 + 10. Let k(b) = 9*b**2 - 2*b - 1. Calculate the remainder when 18 is divided by k(r).
8
Suppose 2*j = -o - 33, 0 = 4*o + 2*j - 3*j + 141. Suppose -3*h - n + 13 = -2, -2*n + 20 = 4*h. What is the remainder when (4/(-10))/(1/o) is divided by h?
4
Let r(q) = q**3 - 2*q**2 - 5*q + 2. Let h be r(3). Calculate the remainder when 7 is divided by 15/6 + (-2)/h.
1
Calculate the remainder when (-222)/(-4)*(-8)/(-6) is divided by 19.
17
Suppose 5 = -4*h + 5*h. Let a(w) = w + 6. What is the remainder when a(h) is divided by 6?
5
Suppose -2*s + 6 = -4. Suppose 0 = s*t - 6*t + 21. What is the remainder when 38 is divided by t?
17
Let t = -18 - -53. Let c = -27 + t. What is the remainder when c is divided by 4?
0
Let k(z) = -z**3 + 7*z**2 - 8*z - 4. What is the remainder when ((-94)/(-4))/(4/8) is divided by k(4)?
11
Let f(t) = t**3 + 7*t**2 + 5*t - 4. Let q be f(-6). Suppose -4*i + 70 = q*v, -i = 4*i + 5. What is the remainder when v is divided by 19?
18
Suppose 32 + 12 = 4*r. Let j = 1 + 3. What is the remainder when r is divided by j?
3
Suppose 2*v + 3*v - 245 = 0. Suppose 4*f = o + 3*f - v, 0 = 4*f - 20. Calculate the remainder when o is divided by 14.
12
Suppose 5*r - 16 + 6 = 0. Let n(c) = -c**3 - 6*c**2 - 4*c + 6. Let z be n(-5). Let l = 6 - z. What is the remainder when l is divided by r?
1
Let b = 253 + -181. What is the remainder when b is divided by 21?
9
Let p(y) = 59*y**3 + 2*y**2 + y - 2. Calculate the remainder when p(1) is divided by 7.
4
Let t(g) = 7*g - 12. Calculate the remainder when 151 is divided by t(9).
49
Let j be (-535)/(-30) - (-1)/6. Let v = j + -13. Suppose v*l - 21 = 29. What is the remainder when 18 is divided by l?
8
Let b be (1/(-2))/(1/(-2)). Let v = 7 - 9. What is the remainder when 49 is divided by (-105)/(-6) + b/v?
15
Let h(q) = q**2 + 8*q + 10. Suppose b + 4 + 5 = 0. What is the remainder when 54 is divided by h(b)?
16
Suppose 0 = 2*t + 2*t - 5*m - 62, -t - 3*m = -24. Let n(y) = y**2 - 19*y - 48. Let q be n(21). Calculate the remainder when 28 is divided by 1*(t - q/(-2)).
13
Let x(c) be the second derivative of -1/20*c**5 - 3/2*c**3 - 3/4*c**4 + c + 0 - 3/2*c**2. Calculate the remainder when x(-8) is divided by 2.
1
Let l be (2 + 1*-2)/2. Suppose -3*t + l = -9. What is the remainder when t is divided by 2?
1
Let p = -53 + 115. Calculate the remainder when p is divided by 21.
20
Let q(a) = -a**3 - 7*a**2 - a. Let f be q(-7). Suppose 5*o - 3 = f. Let m(k) = -k**3 - 4*k**2 + 2. Calculate the remainder when o is divided by m(-4).
0
Suppose 2*z = -8, -t + 3*z + 63 = -0*z. Calculate the remainder when t is divided by 16.
3
Let s = 74 - 110. Let h = s + 62. What is the remainder when h is divided by 7?
5
Let i = 17 + -7. Suppose -23 = -5*k + t, 2*k - 3*t - 17 = -0*k. Suppose -k*a = a - 140. What is the remainder when a is divided by i?
8
Let d(k) = -3*k. Let u be d(-1). Let n(t) = 3*t**3 - u*t**2 + 4 + 0*t**3 - 3*t - 2*t. Calculate the remainder when n(3) is divided by 15.
13
Let n be ((-7)/4)/((-2)/8). Suppose 3*s + 20 = n*s. Suppose 0 = 4*t - 80 + 72. Calculate the remainder when s is divided by t.
1
Suppose -j + 286 = -134. Suppose 4*v + 0*v = j. What is the remainder when v is divided by 27?
24
Let d(q) be the third derivative of q**5/30 + 3*q**4/8 + q**3/3 + 2*q**2. Let m = 110 - 51. What is the remainder when m is divided by d(-6)?
19
Suppose -3*k = -b - 7*k + 45, -2*b + 95 = 3*k. Suppose 0 = 3*s - i - 30, 4*s + 2*i - 50 = -s. What is the remainder when b is divided by s?
9
Suppose -z = 5*l + 3, 5*z = -l - 4*l + 5. Suppose 4*m - 120 = -s, -2*m - z*s + 23 = -m. What is the remainder when m is divided by 11?
9
Suppose 4*t + t - 3*h = 1, -2*h = t - 8. Suppose -28 = -t*i + 6. What is the remainder when i is divided by 10?
7
Let a = -7 + 5. What is the remainder when 6/a*24/(-9) is divided by (6/5)/((-6)/(-15))?
2
Let s be (-9)/(3/(-48)*3). Let w = s - 27. Let y = 14 - 8. What is the remainder when w is divided by y?
3
Let q(t) = -4*t - 7. Let l(n) = n**3 + 7*n**2 - n + 7. Let b be l(-7). Let g be 4/b + (-44)/7. What is the remainder when 33 is divided by q(g)?
16
Suppose 3*q = 4*q. Let r be -2*3/6*q. Suppose -o + f = -r*f - 52, 0 = -4*o - 5*f + 181. Calculate the remainder when o is divided by 17.
15
Let u = -1 + 4. Suppose u*p = -0*p + 6. Suppose 2*j + 5*l + 9 = 0, 0 - 3 = -4*j - 3*l. What is the remainder when j is divided by p?
1
Let c be (-6 - -5)*-1*20. What is the remainder when 29 is divided by (c/3)/((-6)/(-9))?
9
Suppose -4*z = j - 14, 0*z = 4*j + 3*z - 17. Suppose 0*m + 124 = j*m. Calculate the remainder when m is divided by 16.
14
Suppose 0 = 3*o + 1 + 2. Let d = 35 + -18. Calculate the remainder when (-1)/(o/66*2) is divided by d.
16
Suppose -n + 13 - 4 = 0. Suppose 11*c = 9*c + 50. What is the remainder when c is divided by n?
7
Suppose -6*w + 9 = -3*w, -4*g - w = -67. Suppose -2*c + 4 = -g. What is the remainder when 37 is divided by c?
7
Let d = -19 - -41. Let l(j) = -j**2 + 11*j - 16. What is the remainder when d is divided by l(7)?
10
Suppose 4*o - 19 = 13. Suppose 0 = -w - o + 18. Let h(c) = -c**2 - 14*c - 37. Calculate the remainder when w is divided by h(-10).
1
Let l be 3 + (-2 + 1 - 8). What is the remainder when 6 is divided by l/5*10/(-3)?
2
Suppose 4*n = 20 - 96. Let z be 4 + -3 - (-12)/(-2). Let o = z - n. What is the remainder when 26 is divided by o?
12
Suppose 4*x - 3*w - 179 = 0, 2*x - 175 + 72 = -3*w. Calculate the remainder when x is divided by 12.
11
What is the remainder when (-5 - -1) + 80/(-3)*-3 is divided by 16?
12
Let d = -5 - -7. What is the remainder when 2 is divided by d?
0
Let r(y) = 23*y - 1. Let z be r(-1). Let g = z + 40. What is the remainder when 47 is divided by g?
15
What is the remainder when -12*(-1)/(3/17) is divided by (-6 - (-44)/(-8))/(2/(-4))?
22
Let b = -9 - -19. Let s = b - 5. Suppose 0*g = -s*g + 40. What is the remainder when g is divided by 5?
3
Let k(o) = -6*o**3 + o. Let r be k(-1). Suppose -r*g + 176 = -g. Suppose l - 75 = -4*l. What is the remainder when g is divided by l?
14
Suppose 0 = j - 5*p - 40, 2*j - 2*p = -0*j + 56. What is the remainder when j is divided by 12?
1
Suppose 2*s + 10 = 4*s. Let u(n) be the first derivative of -n**4/4 + 2*n**3 - 5*n**2/2 + 6*n + 3. What is the remainder when u(s) is divided by 4?
2
Suppose -4*a = 4*i - 0*i - 36, 4*a - 37 = -5*i. Calculate the remainder when 35/2*8/10 is divided by a.
6
Suppose 0 = 4*a - 20, 0 = -2*i + 7*i - a - 300. Calculate the remainder when i is divided by ((-41)/(-4) - 5)/((-2)/(-8)).
19
Suppose -5*c + c + 324 = 0. Suppose -23 + c = 2*b. Calculate the remainder when b is divided by ((-15)/(-4))/((-15)/(-40)).
9
Let v = 113 - 41. What is the remainder when v is divided by (2 + -3 + (-68)/6)*-3?
35
Let p be -27 + -1 + -6 + 4. Let o(b) = b**2 - 2*b - 1. What is the remainder when o(5) is divided by ((-1)/(-3))/((-2)/p)?
4
Let f(j) = -4*j**2 - 2. Let s be f(-3). Let g = 58 + s. What is the remainder when 59 is divided by g?
19
Suppose 3*q + 0*q + 5*h - 24 = 0, -3*q - 6 = -5*h. Let k = 6 + q. What is the remainder when 33 is divided by k?
6
Let l = 8 - 6. Let v(p) = p**3 + p**2 + 2*p + 1. Calculate the remainder when 48 is divided by v(l).
14
Suppose -2*g - 18 - 121 = -3*w, 0 = -4*g + 4. What is the remainder when w